{"id":11,"date":"2022-04-12T02:23:48","date_gmt":"2022-04-12T00:23:48","guid":{"rendered":"https:\/\/italia.wordcamp.org\/2022\/location\/"},"modified":"2022-11-07T17:13:00","modified_gmt":"2022-11-07T16:13:00","slug":"location","status":"publish","type":"page","link":"https:\/\/italia.wordcamp.org\/2022\/location\/","title":{"rendered":"Location"},"content":{"rendered":"\n<p>Ti presentiamo i 3 luoghi dove si svolger\u00e0 WordCamp Italia 2022.<\/p>\n\n\n\n<nav aria-label=\"Indice dei contenuti\" class=\"wp-block-table-of-contents\"><ol><li><a class=\"wp-block-table-of-contents__entry\" href=\"https:\/\/italia.wordcamp.org\/2022\/location\/#wordcamp-italia-2022\">WordCamp Italia 2022<\/a><\/li><li><a class=\"wp-block-table-of-contents__entry\" href=\"https:\/\/italia.wordcamp.org\/2022\/location\/#wcit-contributor-day\">Contributor Day<\/a><\/li><li><a class=\"wp-block-table-of-contents__entry\" href=\"https:\/\/italia.wordcamp.org\/2022\/location\/#after-party\">After Party<\/a><\/li><li><a class=\"wp-block-table-of-contents__entry\" href=\"https:\/\/italia.wordcamp.org\/2022\/location\/#come-muoversi-a-milano\">Come muoversi a Milano<\/a><\/li><\/ol><\/nav>\n\n\n\n<h2 class=\"wp-block-heading\" id=\"wordcamp-italia-2022\">WordCamp Italia 2022<\/h2>\n\n\n\n<p>Il WordCamp Italia 2022 si terr\u00e0 presso i locali della <strong>Universit\u00e0 degli Studi di Milano<\/strong> nella giornata di sabato 12 novembre 2022.<\/p>\n\n\n\n<div class=\"wp-block-columns is-layout-flex wp-container-core-columns-is-layout-9d6595d7 wp-block-columns-is-layout-flex\">\n<div class=\"wp-block-column is-layout-flow wp-block-column-is-layout-flow\">\n<figure class=\"wp-block-image size-full\"><img loading=\"lazy\" decoding=\"async\" width=\"600\" height=\"300\" src=\"https:\/\/italia.wordcamp.org\/2022\/files\/2022\/08\/fuorisalone.jpg\" alt=\"\" class=\"wp-image-1430\" srcset=\"https:\/\/italia.wordcamp.org\/2022\/files\/2022\/08\/fuorisalone.jpg 600w, https:\/\/italia.wordcamp.org\/2022\/files\/2022\/08\/fuorisalone-300x150.jpg 300w, https:\/\/italia.wordcamp.org\/2022\/files\/2022\/08\/fuorisalone-500x250.jpg 500w\" sizes=\"auto, (max-width: 600px) 100vw, 600px\" \/><\/figure>\n<\/div>\n\n\n\n<div class=\"wp-block-column is-layout-flow wp-block-column-is-layout-flow\">\n<figure class=\"wp-block-image size-full\"><img loading=\"lazy\" decoding=\"async\" width=\"600\" height=\"300\" src=\"https:\/\/italia.wordcamp.org\/2022\/files\/2022\/08\/aula_magna_piena.jpg\" alt=\"\" class=\"wp-image-1431\" srcset=\"https:\/\/italia.wordcamp.org\/2022\/files\/2022\/08\/aula_magna_piena.jpg 600w, https:\/\/italia.wordcamp.org\/2022\/files\/2022\/08\/aula_magna_piena-300x150.jpg 300w, https:\/\/italia.wordcamp.org\/2022\/files\/2022\/08\/aula_magna_piena-500x250.jpg 500w\" sizes=\"auto, (max-width: 600px) 100vw, 600px\" \/><\/figure>\n<\/div>\n<\/div>\n\n\n\n<p>Conosciuta anche come La Statale, l\u2019Universit\u00e0 degli Studi di Milano \u00e8 un ateneo relativamente giovane nel panorama nazionale. Nasce nel 1924 grazie alla determinazione di Luigi Mangiagalli, medico e ginecologo, che realizz\u00f2 cos\u00ec il sogno, a lungo coltivato, di un ateneo per il capoluogo lombardo.<\/p>\n\n\n\n<div class=\"wp-block-file\"><a id=\"wp-block-file--media-38790da6-1fb7-4e06-8851-02140a0474ab\" href=\"https:\/\/italia.wordcamp.org\/2022\/files\/2022\/11\/WCIT22_mappa_A3_LOW.pdf\" target=\"_blank\" rel=\"noreferrer noopener\">Scarica la piantina delle aule dove si svolger\u00e0 WordCamp Italia 2022<\/a><a href=\"https:\/\/italia.wordcamp.org\/2022\/files\/2022\/11\/WCIT22_mappa_A3_LOW.pdf\" class=\"wp-block-file__button wp-element-button\" download aria-describedby=\"wp-block-file--media-38790da6-1fb7-4e06-8851-02140a0474ab\">Download<\/a><\/div>\n\n\n\n<p class=\"has-medium-font-size\"><strong>Dove si trova<\/strong><\/p>\n\n\n\n<p>Via Festa del Perdono, 7<br>20122 Milano<br>La metropolitana pi\u00f9 vicina \u00e8 alla fermata Missori della linea 3 (linea gialla).<\/p>\n\n\n\n<div class=\"wp-block-columns is-layout-flex wp-container-core-columns-is-layout-9d6595d7 wp-block-columns-is-layout-flex\">\n<div class=\"wp-block-column wcit-location-maps is-layout-flow wp-block-column-is-layout-flow\" style=\"flex-basis:100%\">\n<div class=\"googlemaps\">\n\t\t\t\t<iframe loading=\"lazy\" width=\"800\" height=\"600\" frameborder=\"0\" scrolling=\"no\" marginheight=\"0\" marginwidth=\"0\"  src=\"https:\/\/www.google.com\/maps\/embed?pb=!1m18!1m12!1m3!1d11193.744559243678!2d9.188181331100676!3d45.461017515612106!2m3!1f0!2f0!3f0!3m2!1i1024!2i768!4f13.1!3m3!1m2!1s0x4786c6a62de675d9:0x1df6905f72858f73!2sUniversity%20of%20Milan!5e0!3m2!1sen!2sit!4v1661468330200!5m2!1sen!2sit\"><\/iframe>\n\t\t\t<\/div>\n<\/div>\n<\/div>\n\n\n\n<h2 class=\"wp-block-heading\" id=\"wcit-contributor-day\">Contributor Day<\/h2>\n\n\n\n<p>Il <a href=\"https:\/\/italia.wordcamp.org\/2022\/che-cose-il-contributor-day\/\" data-type=\"post\" data-id=\"1613\">Contributor Day<\/a> si terr\u00e0 presso i locali di <strong><a href=\"https:\/\/italia.wordcamp.org\/2022\/sponsor\/motork-italia\/\" data-type=\"wcb_sponsor\" data-id=\"2496\">MotorK plc<\/a><\/strong> nella giornata di venerd\u00ec 11 novembre 2022.<\/p>\n\n\n\n<div class=\"wp-block-columns is-layout-flex wp-container-core-columns-is-layout-9d6595d7 wp-block-columns-is-layout-flex\">\n<div class=\"wp-block-column is-layout-flow wp-block-column-is-layout-flow\">\n<figure class=\"wp-block-image size-full\"><img loading=\"lazy\" decoding=\"async\" width=\"1024\" height=\"576\" src=\"https:\/\/italia.wordcamp.org\/2022\/files\/2022\/10\/MotorK-Human-logo-16-9-scaled-1024x576-1.jpg\" alt=\"\" class=\"wp-image-3122\" srcset=\"https:\/\/italia.wordcamp.org\/2022\/files\/2022\/10\/MotorK-Human-logo-16-9-scaled-1024x576-1.jpg 1024w, https:\/\/italia.wordcamp.org\/2022\/files\/2022\/10\/MotorK-Human-logo-16-9-scaled-1024x576-1-300x169.jpg 300w, https:\/\/italia.wordcamp.org\/2022\/files\/2022\/10\/MotorK-Human-logo-16-9-scaled-1024x576-1-768x432.jpg 768w, https:\/\/italia.wordcamp.org\/2022\/files\/2022\/10\/MotorK-Human-logo-16-9-scaled-1024x576-1-500x281.jpg 500w\" sizes=\"auto, (max-width: 1024px) 100vw, 1024px\" \/><\/figure>\n<\/div>\n\n\n\n<div class=\"wp-block-column is-layout-flow wp-block-column-is-layout-flow\">\n<figure class=\"wp-block-image size-large\"><img loading=\"lazy\" decoding=\"async\" width=\"2934\" height=\"1647\" src=\"https:\/\/italia.wordcamp.org\/2022\/files\/2022\/10\/motork_interno-edited.png\" alt=\"\" class=\"wp-image-3124\" srcset=\"https:\/\/italia.wordcamp.org\/2022\/files\/2022\/10\/motork_interno-edited.png 2934w, https:\/\/italia.wordcamp.org\/2022\/files\/2022\/10\/motork_interno-edited-300x168.png 300w, https:\/\/italia.wordcamp.org\/2022\/files\/2022\/10\/motork_interno-edited-1024x575.png 1024w, https:\/\/italia.wordcamp.org\/2022\/files\/2022\/10\/motork_interno-edited-768x431.png 768w, https:\/\/italia.wordcamp.org\/2022\/files\/2022\/10\/motork_interno-edited-500x281.png 500w, https:\/\/italia.wordcamp.org\/2022\/files\/2022\/10\/motork_interno-edited-1536x862.png 1536w, https:\/\/italia.wordcamp.org\/2022\/files\/2022\/10\/motork_interno-edited-2048x1150.png 2048w\" sizes=\"auto, (max-width: 2934px) 100vw, 2934px\" \/><\/figure>\n<\/div>\n<\/div>\n\n\n\n<p>MotorK \u00e8 l\u2019azienda leader in Europa specializzata nelle attivit\u00e0 di sales &amp; marketing per il settore automobilistico e <strong>l\u2019unico player nell\u2019area EMEA<\/strong> in grado di fornire una gamma completa di prodotti e servizi per supportare <strong>la digitalizzazione dell\u2019intero processo di vendita dell\u2019auto<\/strong>.<\/p>\n\n\n\n<p class=\"has-medium-font-size\"><strong>Dove si trova<\/strong><\/p>\n\n\n\n<p>Via Ludovico d\u2019Aragona, 9<br>20132 Milano<br>La metropolitana pi\u00f9 vicina \u00e8 alla fermata Udine della linea 2 (linea verde).<\/p>\n\n\n\n<div class=\"wp-block-columns is-layout-flex wp-container-core-columns-is-layout-9d6595d7 wp-block-columns-is-layout-flex\">\n<div class=\"wp-block-column wcit-location-maps is-layout-flow wp-block-column-is-layout-flow\" style=\"flex-basis:100%\">\n<div class=\"googlemaps\">\n\t\t\t\t<iframe loading=\"lazy\" width=\"800\" height=\"600\" frameborder=\"0\" scrolling=\"no\" marginheight=\"0\" marginwidth=\"0\"  src=\"https:\/\/www.google.com\/maps\/embed?pb=!1m18!1m12!1m3!1d2797.0157502752695!2d9.232741465027091!3d45.489627579101274!2m3!1f0!2f0!3f0!3m2!1i1024!2i768!4f13.1!3m3!1m2!1s0x4786c6fefc17eaf9:0x7626ad252ae7d0ff!2sMotorK%20plc!5e0!3m2!1sen!2sit!4v1661502790383!5m2!1sen!2sit\"><\/iframe>\n\t\t\t<\/div>\n<\/div>\n<\/div>\n\n\n\n<h2 class=\"wp-block-heading\" id=\"after-party\">After Party<\/h2>\n\n\n\n<p>L\u2019After Party di WordCamp Italia 2022 sar\u00e0 <strong>sabato 12 a partire dalle 19:00 al <a rel=\"noreferrer noopener\" href=\"http:\/\/www.vapore1928.com\/\" target=\"_blank\">Vapore 1928<\/a><\/strong>!<\/p>\n\n\n\n<figure class=\"wp-block-image size-large\"><img loading=\"lazy\" decoding=\"async\" width=\"1024\" height=\"683\" src=\"https:\/\/italia.wordcamp.org\/2022\/files\/2022\/11\/vapore15-1024x683.jpg\" alt=\"scorcio di Vapore 1928, il locale dove si svolger\u00e0 l'afterparty\" class=\"wp-image-3444\" srcset=\"https:\/\/italia.wordcamp.org\/2022\/files\/2022\/11\/vapore15-1024x683.jpg 1024w, https:\/\/italia.wordcamp.org\/2022\/files\/2022\/11\/vapore15-300x200.jpg 300w, https:\/\/italia.wordcamp.org\/2022\/files\/2022\/11\/vapore15-768x512.jpg 768w, https:\/\/italia.wordcamp.org\/2022\/files\/2022\/11\/vapore15-450x300.jpg 450w, https:\/\/italia.wordcamp.org\/2022\/files\/2022\/11\/vapore15-1536x1024.jpg 1536w, https:\/\/italia.wordcamp.org\/2022\/files\/2022\/11\/vapore15.jpg 1920w\" sizes=\"auto, (max-width: 1024px) 100vw, 1024px\" \/><\/figure>\n\n\n\n<p class=\"has-medium-font-size\"><strong>Ricordati che per entrare \u00e8 necessario portare il Badge di WordCamp Italia 2022.<\/strong><\/p>\n\n\n\n<p>Una nota storica su Vapore 1928:<br><strong>Vapore 1928<\/strong>&nbsp;si inserisce nello splendido contesta della&nbsp;<strong>Fabbrica del Vapore<\/strong>, creando un luogo di aggregazione, bar, caff\u00e8, pranzo, aperitivo ed eventi;&nbsp;<strong>un luogo da vivere tutti i giorni tutto l\u2019anno<\/strong>.<br>Situato nel cuore pulsante di&nbsp;<strong>Milano<\/strong>, presenta un aspetto industriale ed unico; le immense vetrate danno vita al grande spazio suddiviso su due piani con una splendida terrazza d\u2019inverno.<br><strong>Da Vapore 1928, potrai fare colazione, pranzare, aperitivo, cocktail bar, tapas bar e brunch, il tutto sempre condito da ottima musica con esibizioni Live o Dj set<\/strong>. Durante il giorno \u00e8 a disposizioni di chiunque, alla ricerca di un luogo per studiare, incontrarsi e fare co-working.<\/p>\n\n\n\n<p><br><em>Testo e immagini tratte dal sito web di Vapore 1928<\/em><\/p>\n\n\n\n<p class=\"has-medium-font-size\"><strong>Dove si trova<\/strong><\/p>\n\n\n\n<p>Via Messina, 26<br>20154 Milano<br>La metropolitana pi\u00f9 vicina \u00e8 alla fermata Cenisio della linea 5 (linea viola).<\/p>\n\n\n\n<div class=\"wp-block-columns is-layout-flex wp-container-core-columns-is-layout-9d6595d7 wp-block-columns-is-layout-flex\">\n<div class=\"wp-block-column wcit-location-maps is-layout-flow wp-block-column-is-layout-flow\" style=\"flex-basis:100%\">\n<div class=\"googlemaps\">\n\t\t\t\t<iframe loading=\"lazy\" width=\"800\" height=\"600\" frameborder=\"0\" scrolling=\"no\" marginheight=\"0\" marginwidth=\"0\"  src=\"https:\/\/www.google.com\/maps\/embed?pb=!1m18!1m12!1m3!1d415.81426263182436!2d9.174242133012736!3d45.484834009687766!2m3!1f0!2f0!3f0!3m2!1i1024!2i768!4f13.1!3m3!1m2!1s0x4786c13bbae9bee1:0x9e489e36c7b12db0!2sVia%20Messina,%2026,%2020154%20Milano%20MI!5e0!3m2!1sen!2sit!4v1667649845717!5m2!1sen!2sit\"><\/iframe>\n\t\t\t<\/div>\n<\/div>\n<\/div>\n\n\n\n<h2 class=\"wp-block-heading\" id=\"come-muoversi-a-milano\">Come muoversi a Milano<\/h2>\n\n\n\n<p>Se arrivi a Milano in macchina ti consigliamo di lasciare la tua auto in uno dei numerosi <strong><a rel=\"noreferrer noopener\" href=\"https:\/\/www.atm.it\/it\/AltriServizi\/Auto\/Pagine\/ParcheggiStruttura.aspx\" target=\"_blank\">parcheggi di prossimit\u00e0<\/a><\/strong> collegati alle principali linee della metropolitana e utilizzare i <a rel=\"noreferrer noopener\" href=\"https:\/\/www.atm.it\/\" target=\"_blank\">mezzi pubblici<\/a>.<\/p>\n\n\n\n<p>Se invece hai intenzione di <strong>entrare in citt\u00e0 con la tua auto<\/strong> ti suggeriamo di verificare prima i requisiti per entrare in <strong>&#8220;<a rel=\"noreferrer noopener\" href=\"https:\/\/www.comune.milano.it\/aree-tematiche\/mobilita\/area-c\" target=\"_blank\">Area C<\/a>&#8220;<\/strong>: sabato 12 novembre il WordCamp si terr\u00e0 all&#8217;interno dell&#8217;Area C ed \u00e8 quindi da mettere in conto l&#8217;acquisto del ticket ed il parcheggio a pagamento.<br>I parcheggi a pagamento sono sia &#8220;in strada&#8221; sulle strisce blu che in apposite strutture. Per le strutture \u00e8 utile cercare con le app per le mappe &#8220;parcheggi zona Missori Milano&#8221;.<\/p>\n\n\n\n<p><br>Il Contributory Day invece \u00e8 in <strong>&#8220;<a rel=\"noreferrer noopener\" href=\"https:\/\/www.comune.milano.it\/aree-tematiche\/mobilita\/area-b\" target=\"_blank\">Area B<\/a>&#8220;<\/strong> dove spesso \u00e8 richiesto il pagamento del parcheggio. <\/p>\n\n\n\n<p><\/p>\n","protected":false},"excerpt":{"rendered":"<p>Ti presentiamo i 3 luoghi dove si svolger\u00e0 WordCamp Italia 2022. WordCamp Italia 2022 Il WordCamp Italia 2022 si terr\u00e0 presso i locali della Universit\u00e0 degli Studi di Milano nella giornata di sabato 12 novembre 2022. Conosciuta anche come La Statale, l\u2019Universit\u00e0 degli Studi di Milano \u00e8 un ateneo relativamente giovane nel panorama nazionale. Nasce &hellip; <a href=\"https:\/\/italia.wordcamp.org\/2022\/location\/\" class=\"more-link\">Continua a leggere<span class=\"screen-reader-text\"> &#8220;Location&#8221;<\/span><\/a><\/p>\n","protected":false},"author":15812760,"featured_media":0,"parent":0,"menu_order":0,"comment_status":"closed","ping_status":"closed","template":"","meta":{"jetpack_post_was_ever_published":false,"footnotes":""},"class_list":["post-11","page","type-page","status-publish","hentry"],"jetpack_sharing_enabled":true,"_links":{"self":[{"href":"https:\/\/italia.wordcamp.org\/2022\/wp-json\/wp\/v2\/pages\/11","targetHints":{"allow":["GET"]}}],"collection":[{"href":"https:\/\/italia.wordcamp.org\/2022\/wp-json\/wp\/v2\/pages"}],"about":[{"href":"https:\/\/italia.wordcamp.org\/2022\/wp-json\/wp\/v2\/types\/page"}],"author":[{"embeddable":true,"href":"https:\/\/italia.wordcamp.org\/2022\/wp-json\/wp\/v2\/users\/15812760"}],"replies":[{"embeddable":true,"href":"https:\/\/italia.wordcamp.org\/2022\/wp-json\/wp\/v2\/comments?post=11"}],"version-history":[{"count":39,"href":"https:\/\/italia.wordcamp.org\/2022\/wp-json\/wp\/v2\/pages\/11\/revisions"}],"predecessor-version":[{"id":3565,"href":"https:\/\/italia.wordcamp.org\/2022\/wp-json\/wp\/v2\/pages\/11\/revisions\/3565"}],"wp:attachment":[{"href":"https:\/\/italia.wordcamp.org\/2022\/wp-json\/wp\/v2\/media?parent=11"}],"curies":[{"name":"wp","href":"https:\/\/api.w.org\/{rel}","templated":true}]}}